[INFO] fetching crate growable 0.6.0...
[INFO] checking growable-0.6.0 against try#72f88fc4e9458f89516a0b8b0868f3718aec5b47 for pr-74989
[INFO] extracting crate growable 0.6.0 into /workspace/builds/worker-8/source
[INFO] validating manifest of crates.io crate growable 0.6.0 on toolchain 72f88fc4e9458f89516a0b8b0868f3718aec5b47
[INFO] running `Command { std: "/workspace/cargo-home/bin/cargo" "+72f88fc4e9458f89516a0b8b0868f3718aec5b47" "read-manifest" "--manifest-path" "Cargo.toml", kill_on_drop: false }`
[INFO] started tweaking crates.io crate growable 0.6.0
[INFO] finished tweaking crates.io crate growable 0.6.0
[INFO] tweaked toml for crates.io crate growable 0.6.0 written to /workspace/builds/worker-8/source/Cargo.toml
[INFO] running `Command { std: "/workspace/cargo-home/bin/cargo" "+72f88fc4e9458f89516a0b8b0868f3718aec5b47" "generate-lockfile" "--manifest-path" "Cargo.toml" "-Zno-index-update", kill_on_drop: false }`
[INFO] running `Command { std: "/workspace/cargo-home/bin/cargo" "+72f88fc4e9458f89516a0b8b0868f3718aec5b47" "fetch" "--locked" "--manifest-path" "Cargo.toml", kill_on_drop: false }`
[INFO] running `Command { std: "docker" "create" "-v" "/var/lib/crater-agent-workspace/builds/worker-8/target:/opt/rustwide/target:rw,Z" "-v" "/var/lib/crater-agent-workspace/builds/worker-8/source:/opt/rustwide/workdir:ro,Z" "-v" "/var/lib/crater-agent-workspace/cargo-home:/opt/rustwide/cargo-home:ro,Z" "-v" "/var/lib/crater-agent-workspace/rustup-home:/opt/rustwide/rustup-home:ro,Z" "-e" "SOURCE_DIR=/opt/rustwide/workdir" "-e" "CARGO_TARGET_DIR=/opt/rustwide/target" "-e" "CARGO_HOME=/opt/rustwide/cargo-home" "-e" "RUSTUP_HOME=/opt/rustwide/rustup-home" "-w" "/opt/rustwide/workdir" "-m" "1610612736" "--user" "0:0" "--network" "none" "rustops/crates-build-env@sha256:d92eaeed33fa75130ca1ee6c8a01d1ffb62bac859dfdfb3450e3e5d1c0146529" "/opt/rustwide/cargo-home/bin/cargo" "+72f88fc4e9458f89516a0b8b0868f3718aec5b47" "metadata" "--no-deps" "--format-version=1", kill_on_drop: false }`
[INFO] [stderr] WARNING: Your kernel does not support swap limit capabilities or the cgroup is not mounted. Memory limited without swap.
[INFO] [stdout] 300ce224128b0898f595a44c91f7f69feb08c63e6a28fd77c4e5462eb0c2b140
[INFO] running `Command { std: "docker" "start" "-a" "300ce224128b0898f595a44c91f7f69feb08c63e6a28fd77c4e5462eb0c2b140", kill_on_drop: false }`
[INFO] running `Command { std: "docker" "inspect" "300ce224128b0898f595a44c91f7f69feb08c63e6a28fd77c4e5462eb0c2b140", kill_on_drop: false }`
[INFO] running `Command { std: "docker" "rm" "-f" "300ce224128b0898f595a44c91f7f69feb08c63e6a28fd77c4e5462eb0c2b140", kill_on_drop: false }`
[INFO] [stdout] 300ce224128b0898f595a44c91f7f69feb08c63e6a28fd77c4e5462eb0c2b140
[INFO] running `Command { std: "docker" "create" "-v" "/var/lib/crater-agent-workspace/builds/worker-8/target:/opt/rustwide/target:rw,Z" "-v" "/var/lib/crater-agent-workspace/builds/worker-8/source:/opt/rustwide/workdir:ro,Z" "-v" "/var/lib/crater-agent-workspace/cargo-home:/opt/rustwide/cargo-home:ro,Z" "-v" "/var/lib/crater-agent-workspace/rustup-home:/opt/rustwide/rustup-home:ro,Z" "-e" "SOURCE_DIR=/opt/rustwide/workdir" "-e" "CARGO_TARGET_DIR=/opt/rustwide/target" "-e" "CARGO_INCREMENTAL=0" "-e" "RUST_BACKTRACE=full" "-e" "RUSTFLAGS=--cap-lints=forbid" "-e" "CARGO_HOME=/opt/rustwide/cargo-home" "-e" "RUSTUP_HOME=/opt/rustwide/rustup-home" "-w" "/opt/rustwide/workdir" "-m" "1610612736" "--user" "0:0" "--network" "none" "rustops/crates-build-env@sha256:d92eaeed33fa75130ca1ee6c8a01d1ffb62bac859dfdfb3450e3e5d1c0146529" "/opt/rustwide/cargo-home/bin/cargo" "+72f88fc4e9458f89516a0b8b0868f3718aec5b47" "check" "--frozen" "--all" "--all-targets" "--message-format=json", kill_on_drop: false }`
[INFO] [stdout] 87461b3186c11080a5d23cc12d8c71dd48635036a7c2a224171984e48d212f0b
[INFO] [stderr] WARNING: Your kernel does not support swap limit capabilities or the cgroup is not mounted. Memory limited without swap.
[INFO] running `Command { std: "docker" "start" "-a" "87461b3186c11080a5d23cc12d8c71dd48635036a7c2a224171984e48d212f0b", kill_on_drop: false }`
[INFO] [stderr]     Checking growable v0.6.0 (/opt/rustwide/workdir)
[INFO] [stdout] error[E0432]: unresolved imports `std::alloc::AllocInit`, `std::alloc::MemoryBlock`, `std::alloc::ReallocPlacement`
[INFO] [stdout]   --> src/lib.rs:18:33
[INFO] [stdout]    |
[INFO] [stdout] 18 |     alloc::{handle_alloc_error, AllocInit, AllocRef, Global, Layout, MemoryBlock, ReallocPlacement},
[INFO] [stdout]    |                                 ^^^^^^^^^                            ^^^^^^^^^^^  ^^^^^^^^^^^^^^^^ no `ReallocPlacement` in `alloc`
[INFO] [stdout]    |                                 |                                    |
[INFO] [stdout]    |                                 no `AllocInit` in `alloc`            no `MemoryBlock` in `alloc`
[INFO] [stdout] 
[INFO] [stdout] 
[INFO] [stdout] error[E0432]: unresolved imports `std::alloc::AllocInit`, `std::alloc::MemoryBlock`, `std::alloc::ReallocPlacement`
[INFO] [stdout]   --> src/lib.rs:18:33
[INFO] [stdout]    |
[INFO] [stdout] 18 |     alloc::{handle_alloc_error, AllocInit, AllocRef, Global, Layout, MemoryBlock, ReallocPlacement},
[INFO] [stdout]    |                                 ^^^^^^^^^                            ^^^^^^^^^^^  ^^^^^^^^^^^^^^^^ no `ReallocPlacement` in `alloc`
[INFO] [stdout]    |                                 |                                    |
[INFO] [stdout]    |                                 no `AllocInit` in `alloc`            no `MemoryBlock` in `alloc`
[INFO] [stdout] 
[INFO] [stdout] 
[INFO] [stdout] error[E0061]: this function takes 1 argument but 2 arguments were supplied
[INFO] [stdout]    --> src/lib.rs:446:20
[INFO] [stdout]     |
[INFO] [stdout] 446 |             Global.alloc(layout, AllocInit::Uninitialized).unwrap_or_else(|_| handle_alloc_error(layout))
[INFO] [stdout]     |                    ^^^^^ ------  ------------------------ supplied 2 arguments
[INFO] [stdout]     |                    |
[INFO] [stdout]     |                    expected 1 argument
[INFO] [stdout] 
[INFO] [stdout] 
[INFO] [stdout] error[E0061]: this function takes 3 arguments but 5 arguments were supplied
[INFO] [stdout]    --> src/lib.rs:525:24
[INFO] [stdout]     |
[INFO] [stdout] 525 |                 Global.grow(self.ptr, layout_curr, len, ReallocPlacement::MayMove, AllocInit::Uninitialized)
[INFO] [stdout]     |                        ^^^^ --------  -----------  ---  -------------------------  ------------------------ supplied 5 arguments
[INFO] [stdout]     |                        |
[INFO] [stdout]     |                        expected 3 arguments
[INFO] [stdout] 
[INFO] [stdout] 
[INFO] [stdout] error[E0061]: this function takes 1 argument but 2 arguments were supplied
[INFO] [stdout]    --> src/lib.rs:529:24
[INFO] [stdout]     |
[INFO] [stdout] 529 |                 Global.alloc(layout, AllocInit::Uninitialized)
[INFO] [stdout]     |                        ^^^^^ ------  ------------------------ supplied 2 arguments
[INFO] [stdout]     |                        |
[INFO] [stdout]     |                        expected 1 argument
[INFO] [stdout] 
[INFO] [stdout] 
[INFO] [stdout] error: aborting due to 4 previous errors
[INFO] [stdout] 
[INFO] [stdout] 
[INFO] [stdout] Some errors have detailed explanations: E0061, E0432.
[INFO] [stdout] 
[INFO] [stdout] For more information about an error, try `rustc --explain E0061`.
[INFO] [stdout] 
[INFO] [stdout] error[E0061]: this function takes 1 argument but 2 arguments were supplied
[INFO] [stdout]    --> src/lib.rs:446:20
[INFO] [stdout]     |
[INFO] [stdout] 446 |             Global.alloc(layout, AllocInit::Uninitialized).unwrap_or_else(|_| handle_alloc_error(layout))
[INFO] [stdout]     |                    ^^^^^ ------  ------------------------ supplied 2 arguments
[INFO] [stdout]     |                    |
[INFO] [stdout]     |                    expected 1 argument
[INFO] [stdout] 
[INFO] [stdout] 
[INFO] [stderr] error: could not compile `growable`.
[INFO] [stderr] 
[INFO] [stderr] To learn more, run the command again with --verbose.
[INFO] [stderr] warning: build failed, waiting for other jobs to finish...
[INFO] [stdout] error[E0061]: this function takes 3 arguments but 5 arguments were supplied
[INFO] [stdout]    --> src/lib.rs:525:24
[INFO] [stdout]     |
[INFO] [stdout] 525 |                 Global.grow(self.ptr, layout_curr, len, ReallocPlacement::MayMove, AllocInit::Uninitialized)
[INFO] [stdout]     |                        ^^^^ --------  -----------  ---  -------------------------  ------------------------ supplied 5 arguments
[INFO] [stdout]     |                        |
[INFO] [stdout]     |                        expected 3 arguments
[INFO] [stdout] 
[INFO] [stdout] 
[INFO] [stdout] error[E0061]: this function takes 1 argument but 2 arguments were supplied
[INFO] [stdout]    --> src/lib.rs:529:24
[INFO] [stdout]     |
[INFO] [stdout] 529 |                 Global.alloc(layout, AllocInit::Uninitialized)
[INFO] [stdout]     |                        ^^^^^ ------  ------------------------ supplied 2 arguments
[INFO] [stdout]     |                        |
[INFO] [stdout]     |                        expected 1 argument
[INFO] [stdout] 
[INFO] [stdout] 
[INFO] [stdout] error: aborting due to 4 previous errors
[INFO] [stdout] 
[INFO] [stdout] 
[INFO] [stdout] Some errors have detailed explanations: E0061, E0432.
[INFO] [stdout] 
[INFO] [stdout] For more information about an error, try `rustc --explain E0061`.
[INFO] [stdout] 
[INFO] [stderr] error: build failed
[INFO] running `Command { std: "docker" "inspect" "87461b3186c11080a5d23cc12d8c71dd48635036a7c2a224171984e48d212f0b", kill_on_drop: false }`
[INFO] running `Command { std: "docker" "rm" "-f" "87461b3186c11080a5d23cc12d8c71dd48635036a7c2a224171984e48d212f0b", kill_on_drop: false }`
[INFO] [stdout] 87461b3186c11080a5d23cc12d8c71dd48635036a7c2a224171984e48d212f0b
